9
List the prime factors of 71083/93 - (-1)/(-3).
2, 191
Suppose 2*u - 764 = 3*j, -7*u + 756 = -5*u + j. List the prime factors of u.
379
Let r be 3/6*10 + 0. Suppose 2*q - 2*s - 146 = 0, -5*q - r*s + 343 = 8. List the prime factors of q.
2, 5, 7
Suppose -5*f - k + 10 = 0, -2*k + 1 - 3 = -f. Suppose -f*v - 60 = -6*v. List the prime factors of v.
3, 5
Suppose -9*n + 5 = -8*n. Let f be (-160)/(-50) + 4/n. Suppose -3*y + 5*y = f. List the prime factors of y.
2
Suppose -279 - 361 = -4*u. Suppose -f - 3*d + 28 = 2*d, 3*f - 4*d = u. List the prime factors of f.
2, 3
Let y(u) = u**2 - 22. Let f be y(16). Suppose -4*w + 2*g + f = 4*g, 2*w + 4*g - 120 = 0. List the prime factors of w.
2, 29
Let h(y) = -y**2 - y - 56. Let r(x) = x. Let s(k) = -h(k) + 4*r(k). What are the prime factors of s(-5)?
2, 7
Suppose -28*o + 712 = -24*o. What are the prime factors of o?
2, 89
Let k = 3851 + -5699. List the prime factors of 0 + -1 - 13/(78/k).
307
Suppose -25*u + 19651 + 27624 = 0. List the prime factors of u.
31, 61
Suppose 0 = -u + 3 - 2. Let a be u/(-2) + (-27)/(-6). Suppose 3*r - 63 = a*d - 5*d, 5*d = -5*r + 105. List the prime factors of r.
3, 7
Suppose -1536 = -3*l - 5*l. What are the prime factors of l?
2, 3
Let d(x) = -2*x - 6. Let c(q) = q**2 - 6*q - 6. Suppose 17 = 4*y - 7. Let i be c(y). What are the prime factors of d(i)?
2, 3
Suppose -411 = -3*d + 591. Suppose 2*m = 4*m - d. List the prime factors of m.
167
Suppose 42 = -4*d + 2. Let x = 15 + d. Suppose -4*z - 14 = -x*z. List the prime factors of z.
2, 7
Let o(j) = 2*j**2 + 9*j + 2. Suppose -t = t - 8. Suppose -u - 2 = t. List the prime factors of o(u).
2, 5
Let b be (-1)/4 + 152/(-32). Let y be (-3)/b + 255/75. Suppose -k - 3*h = -6*k + 302, -126 = -2*k - y*h. List the prime factors of k.
61
Let a(j) = -j**3 - 8*j**2 - 4*j + 6. Let o = 2 + 2. Suppose 0 = o*u + 11 + 21. List the prime factors of a(u).
2, 19
Let b = 1168 + 280. What are the prime factors of b?
2, 181
Let h(x) = -x**2 + 8*x - 7. Let r be h(3). Suppose r*j - 2*j - 402 = 0. What are the prime factors of j?
67
Suppose 0 = c + 2*q + 281, -5*q = -5*c - 2*q - 1444. Let a = -204 - c. List the prime factors of a.
83
Let r be -66*(-2 - (-8)/6). Let i(d) = -d**2 - 13*d - 7. Let p be i(-12). Suppose -p*v + v = -r. List the prime factors of v.
11
Let i be (-33)/(-7) + 40/140. Let y(c) = -13*c + 9. Let s(x) = -4*x + 3. Let v(l) = -14*s(l) + 4*y(l). List the prime factors of v(i).
2, 7
Let r be (-472)/10*40/(-16). Let w(a) = -a - r*a**2 - a + 1 + 164*a**2. What are the prime factors of w(1)?
3, 5
Let c(f) be the second derivative of 0 + 1/20*f**5 + 17/2*f**2 - 1/6*f**3 - 1/12*f**4 + 8*f. List the prime factors of c(0).
17
Suppose -17*h = -4*h - 19565. Suppose -7*l - 581 + h = 0. What are the prime factors of l?
2, 3, 11
Let q(s) = s**3 + 31*s**2 + 19*s + 156. List the prime factors of q(-27).
3, 853
Let j = -1360 - -2350. List the prime factors of j.
2, 3, 5, 11
Let n(c) = 28*c + 92. What are the prime factors of n(23)?
2, 23
Let l be ((-328)/(-32))/(2/(-8)). Let i = -25 - l. List the prime factors of i.
2
Let z be (-2 - (-170)/8) + 3/(-12). Let g be (-45)/4 - 4/(-16). Let f = g + z. What are the prime factors of f?
2
Suppose -41*z + 2953 + 3320 = 0. What are the prime factors of z?
3, 17
List the prime factors of (-45850)/(-49) - (0 + 4/(-14)).
2, 3, 13
Let t be 2 + 1 - (-21)/(-7). Suppose 5*j - j - 12 = t. Suppose -5*k - 2*i + 133 - 27 = 0, 2*i + 54 = j*k. List the prime factors of k.
2, 5
Suppose 8 = 4*f + n - 1, -2*n = f - 11. Let g = f - -47. What are the prime factors of g?
2, 3
Let j(t) = 3*t**2 - 34*t + 8. Let z be j(12). Suppose -36*p + 452 = -z*p. What are the prime factors of p?
113
Let j(s) = -s**3 + 4621*s**2 - 8*s + 4616*s**2 + 4 - 9230*s**2. Suppose 15 = 2*q + 7. List the prime factors of j(q).
2, 5
Let g(y) = y**3 - 8*y**2 + 8*y + 17. What are the prime factors of g(9)?
2, 5, 17
Suppose 10*u + 32 = 14*u. Suppose -u*r = -3*r - 415. What are the prime factors of r?
83
What are the prime factors of (-4)/(408/357 + (-4398)/3836)?
2, 137
Let m(z) = -z**2 - 2*z + 21. Let p be m(-6). What are the prime factors of ((3 - 0)/p)/(1/(-43))?
43
Suppose 37*g - 28788 - 6399 = 0. List the prime factors of g.
3, 317
Suppose -21 = 4*r + 19. Let c(f) = -7*f - 48. What are the prime factors of c(r)?
2, 11
Let f = 18 - 6. Suppose f = -x + 2*x. What are the prime factors of ((-6)/x)/((-2)/64)?
2
Suppose 5*r = 5*v + 1355, -2*r = -2*v - 3*r - 548. Let b = v + 405. List the prime factors of b.
2, 3, 11
Let n = 43 - 37. Suppose 9*g - n*g = 354. List the prime factors of g.
2, 59
Suppose 2*q = -2*q - 104. List the prime factors of (-842)/78*-9 + 4/q.
97
Suppose 2*z - 2*f - 3*f + 140 = 0, 0 = -2*z - 5*f - 100. Let p = -46 - z. List the prime factors of p.
2, 7
Let c(d) = 20*d - 60. Let n be c(10). Let i = 216 - n. What are the prime factors of i?
2, 19
Suppose 0 = -i - 3*v + 760, -i + v + 147 = -633. What are the prime factors of i?
5, 31
Let z(k) = -129*k - 40. Let g(f) = 64*f + 19. Let h(c) = 13*g(c) + 6*z(c). What are the prime factors of h(3)?
181
Suppose -3*v - 204 = -7*v. Suppose -t = -b + 18, -v = -3*b - 2*t + 8. What are the prime factors of b?
19
List the prime factors of -1*12/30*-515.
2, 103
Suppose 0 = -o + 76 - 22. Let j be -1*1 + (7 - o). Let k = -11 - j. What are the prime factors of k?
37
Let v be (-2)/(-8) - (23/(-4) + 2). Suppose 0 = 2*m + 2*g - 36, -5*m - 1 = v*g - 87. What are the prime factors of m?
2, 7
Suppose -4*m = 2*t - 14, -3*t = -t - 3*m + 7. Let y be (77/66)/(t/6). Suppose -3*d = -26 - y. What are the prime factors of d?
11
Suppose 0 = -5*j + 2*j - 36. Let c be ((-6)/4)/((-9)/(-120)). Let u = j - c. List the prime factors of u.
2
What are the prime factors of 2707*1 - (-528)/48?
2, 3, 151
Suppose w - 5*w - l + 303 = 0, -2*l - 369 = -5*w. List the prime factors of w.
3, 5
Let r = -1557 - -3198. What are the prime factors of r?
3, 547
Let a(j) = -j**3 + 27*j**2 - 26*j + 28. Let t be a(26). Suppose 1890 = -10*p + t*p. What are the prime factors of p?
3, 5, 7
Suppose -3*p + 2*x + 14 = 0, 4*p - 2*x - 17 = x. Let t = p + 29. Suppose 20 = 3*d - t. What are the prime factors of d?
19
Suppose -3*f = 2*z - 3 - 0, -5*z = 4*f - 11. Suppose -5*i + 634 = 4*n, 3*i = -z*n - 2*i + 478. Suppose 5*s - s = n. List the prime factors of s.
3, 13
Suppose 5*u = 5*t - 0*t - 5, -2*u - 5 = t. List the prime factors of (-88)/t - (-8)/(-2).
2, 3, 7
Let v be (7/(-3 - 25))/((-1)/916). Suppose 2*t - g = 34 + 121, v = 3*t + 2*g. List the prime factors of t.
7, 11
Let t(j) = -5*j**2 - 2*j - 19. Let v(w) = -4*w**2 - w - 19. Let f(i) = 5*t(i) - 6*v(i). Let d be f(5). Let z = d + 50. List the prime factors of z.
2, 3
Let i be -3 + 1 + -339 + 1*-3. Let t = -234 - i. List the prime factors of t.
2, 5, 11
Suppose -q + 5*t = -110, 0 = -q - 4*q + 2*t + 619. Let v = -4 + q. What are the prime factors of v?
11
Suppose 4*m + 3*y - 549 = 0, y = m + 3*y - 141. Let x = -68 + m. List the prime factors of x.
67
Suppose 3*u + 4*l - 23 = 0, -4*u = 4*l - 13 - 11. Let a(t) = 67*t. What are the prime factors of a(u)?
67
Let w(g) = -g**3 - 20*g**2 - 14*g - 36. What are the prime factors of w(-24)?
2, 3, 7, 31
Suppose -893 - 699 = -2*h. List the prime factors of h.
2, 199
Suppose 3*z - q - 8 = 0, 11*z - 5*q - 6 = 13*z. Suppose 0*b + 4*b = 108. Let a = b - z. What are the prime factors of a?
5
List the prime factors of ((-439012)/36)/(-7) + (-7)/63.
2, 13, 67
Let x = 1 + 22. Suppose -18*z + x*z - 50 = 0. List the prime factors of z.
2, 5
Let s = 2940 - 1344. List the prime factors of s.
2, 3, 7, 19
What are the prime factors of (-8696)/(-56) + 2*(-4)/28?
5, 31
Let d(u) = -65*u - 2. What are the prime factors of d(-8)?
2, 7, 37
Let f(b) = 11 - b**3 + 5*b**3 - 6*b - 3*b**3 - 7*b**2. Let p(v) = -v**3 + 4*v**2 + 6*v + 3. Let n be p(5). List the prime factors of f(n).
3
Let b(z) = -28*z**2 - 7*z + 6. Let k(j) = 57*j**2 + 13*j - 11. Let t(q) = 11*b(q) + 6*k(q). List the prime factors of t(-1).
3, 11
Suppose 0 = 2*n - 32 + 24. Suppose -4*x = 5*j - 423 - 107, -n*j - 4*x = -428. List the prime factors of j.
2, 3, 17
Suppose -4*p - 3*j - 2*j = -1859, 2*p - 967 = 5*j. What are the prime factors of p?
3, 157
Let j = -18 - -21. Let p be (-903)/14 + j/(-6). Let m = p - -110. What are the prime facto